s 152 divide 4037272?
True
Is 67 a factor of 45441?
False
Is 3634888 a multiple of 11?
False
Does 13 divide 898979?
False
Does 21 divide 46689?
False
Does 7 divide 4559674?
True
Is 283 a factor of 39620?
True
Does 311 divide 10977559?
False
Does 1564 divide 14095717?
False
Does 12 divide 93325?
False
Is 14 a factor of 1196048?
True
Is 160 a factor of 14560?
True
Does 1294 divide 9342680?
True
Does 20 divide 1091825?
False
Is 1161800 a multiple of 628?
True
Does 9 divide 46921?
False
Does 337 divide 881660?
False
Does 8 divide 1870696?
True
Does 775 divide 6063600?
True
Is 11 a factor of 97636?
True
Is 72 a factor of 565056?
True
Does 15 divide 7305718?
False
Is 401 a factor of 777078?
False
Does 15 divide 196305?
True
Is 10 a factor of 118761?
False
Does 72 divide 111739?
False
Is 10 a factor of 346460?
True
Is 14 a factor of 118961?
False
Is 11 a factor of 5602170?
False
Is 1558403 a multiple of 11?
True
Is 9053742 a multiple of 277?
False
Is 18 a factor of 472882?
False
Is 139 a factor of 88469?
False
Is 526416 a multiple of 264?
True
Is 79 a factor of 461735?
False
Is 12 a factor of 18626?
False
Is 18 a factor of 112608?
True
Is 52 a factor of 121051?
False
Is 2162004 a multiple of 39?
True
Is 158888 a multiple of 3?
False
Is 14 a factor of 13902?
True
Is 14436 a multiple of 16?
False
Is 33192 a multiple of 461?
True
Does 6 divide 158562?
True
Does 61 divide 11547117?
True
Is 24 a factor of 48570?
False
Is 18 a factor of 662035?
False
Does 29 divide 43897?
False
Does 67 divide 7444?
False
Is 205 a factor of 1590800?
True
Is 738003 a multiple of 311?
True
Is 190029 a multiple of 100?
False
Does 593 divide 2273562?
True
Does 108 divide 10952503?
False
Does 27 divide 110986?
False
Is 7667181 a multiple of 642?
False
Is 448473 a multiple of 275?
False
Is 3920388 a multiple of 383?
True
Is 92 a factor of 10937696?
True
Is 82577 a multiple of 30?
False
Is 1971640 a multiple of 20?
True
Does 3 divide 93652?
False
Is 53 a factor of 693823?
True
Is 1875 a factor of 18905625?
True
Is 108 a factor of 755978?
False
Does 208 divide 281416?
False
Does 31 divide 4123?
True
Is 5150210 a multiple of 115?
False
Is 20 a factor of 168480?
True
Does 11 divide 9680550?
True
Is 2068941 a multiple of 1187?
True
Is 576 a factor of 791907?
False
Does 75 divide 151500?
True
Is 71785 a multiple of 7?
True
Does 88 divide 3797376?
True
Is 6061660 a multiple of 44?
True
Is 186 a factor of 1101748?
False
Is 6 a factor of 311984?
False
Is 2778686 a multiple of 458?
True
Does 515 divide 2565215?
True
Is 1972000 a multiple of 272?
True
Is 10 a factor of 385270?
True
Is 24 a factor of 118776?
True
Does 8 divide 20720?
True
Is 115 a factor of 4092873?
False
Does 303 divide 11314?
False
Is 14655 a multiple of 181?
False
Is 17 a factor of 117470?
True
Is 55 a factor of 1447985?
True
Does 129 divide 109130?
False
Is 56 a factor of 104216?
True
Does 59 divide 86183?
False
Is 262 a factor of 257546?
True
Is 613440 a multiple of 48?
True
Is 3269343 a multiple of 231?
True
Is 1763309 a multiple of 164?
False
Is 6092043 a multiple of 44?
False
Is 48 a factor of 109152?
True
Is 4694251 a multiple of 911?
False
Is 738608 a multiple of 268?
True
Does 434 divide 704268?
False
Does 17 divide 45815?
True
Is 29 a factor of 66787?
True
Is 129 a factor of 1313932?
False
Is 20 a factor of 789340?
True
Is 31 a factor of 14086679?
True
Is 788375 a multiple of 5?
True
Is 6599596 a multiple of 266?
False
Is 539340 a multiple of 1212?
True
Does 3 divide 240722?
False
Does 7 divide 488343?
False
Is 1869513 a multiple of 25?
False
Does 120 divide 3711240?
True
Does 11 divide 5674014?
False
Is 101 a factor of 4188169?
False
Is 88 a factor of 190432?
True
Is 179760 a multiple of 56?
True
Is 68 a factor of 1573512?
False
Does 63 divide 1832922?
True
Is 5075968 a multiple of 512?
True
Is 4083100 a multiple of 700?
True
Is 72490 a multiple of 22?
True
Is 23 a factor of 1639638?
False
Does 22 divide 98411?
False
Is 2 a factor of 459493?
False
Is 3731585 a multiple of 5?
True
Does 67 divide 2112175?
True
Is 116811 a multiple of 7?
False
Is 252010 a multiple of 395?
True
Is 12241 a multiple of 83?
False
Is 3 a factor of 296987?
False
Is 33 a factor of 1829355?
True
Is 22 a factor of 111914?
True
Is 731 a factor of 525613?
False
Is 23 a factor of 4778043?
True
Is 17 a factor of 590342?
True
Is 8 a factor of 888120?
True
Is 48 a factor of 165602?
False
Is 120 a factor of 14210047?
False
Is 8776 a multiple of 40?
False
Does 25 divide 4979967?
False
Is 173 a factor of 7127946?
True
Is 29959 a multiple of 4?
False
Does 41 divide 58589?
True
Is 465075 a multiple of 63?
False
Does 426 divide 3742277?
False
Is 38055 a multiple of 43?
True
Is 9 a factor of 232756?
False
Is 109 a factor of 2042551?
True
Is 3057991 a multiple of 61?
True
Is 55 a factor of 1457029?
False
Does 213 divide 5063649?
True
Does 9 divide 78561?
True
Does 21 divide 1725759?
True
Does 18 divide 231344?
False
Does 12 divide 2973156?
True
Is 48 a factor of 297168?
True
Is 20 a factor of 22420260?
True
Does 204 divide 7853184?
True
Is 43 a factor of 7267?
True
Is 108336 a multiple of 52?
False
Does 97 divide 12289121?
False
Is 129200 a multiple of 152?
True
Is 12679992 a multiple of 184?
True
Is 163 a factor of 16906525?
False
Is 10 a factor of 1286630?
True
Is 198 a factor of 5509548?
True
Does 115 divide 8810725?
True
Does 101 divide 2967788?
False
Is 2229811 a multiple of 913?
False
Is 127392 a multiple of 16?
True
Is 16495450 a multiple of 549?
False
Does 46 divide 69414?
True
Is 137491 a multiple of 669?
False
Is 135982 a multiple of 11?
True
Is 97 a factor of 2173285?
True
Is 17 a factor of 82097?
False
Is 80307 a multiple of 9?
True
Is 3 a factor of 21577?
False
Is 28 a factor of 4262233?
False
Is 113 a factor of 116552?
False
Does 226 divide 429913?
False
Is 277 a factor of 6354837?
False
Is 165 a factor of 243466?
False
Is 20 a factor of 2976375?
False
Does 10 divide 128720?
True
Does 93 divide 158751?
True
Is 626624 a multiple of 61?
False
Does 21 divide 138966?
False
Is 1495869 a multiple of 309?
True
Does 26 divide 1073774?
True
Does 175 divide 528143?
False
Is 17 a factor of 200949?
False
Does 16 divide 1518286?
False
Does 25 divide 82161?
False
Is 6097 a multiple of 66?
False
Is 245 a factor of 956970?
True
Is 30 a factor of 2300970?
True
Is 20722140 a multiple of 15?
True
Does 8 divide 108192?
True
Is 17073 a multiple of 7?
True
Does 7 divide 159131?
True
Is 780720 a multiple of 12?
True
Is 7 a factor of 2965042?
False
Does 9 divide 814707?
True
Is 33 a factor of 10857?
True
Does 12 divide 163080?
True
Is 22482378 a multiple of 18?
True
Is 313 a factor of 2902449?
True
Does 41 divide 1142424?
True
Does 378 divide 1565676?
True
Is 21 a factor of 70621?
False
Is 335 a factor of 10586000?
True
Is 1317511 a multiple of 13?
True
Is 6 a factor of 42040?
False
Does 225 divide 769950?
True
Is 18 a factor of 32141?
False
Does 104 divide 975104?
True
Does 15 divide 993105?
True
Does 77 divide 730268?
True
Is 80289 a multiple of 9?
True
Is 13 a factor of 889798?
True
Is 54684 a multiple of 12?
True
Is 6228730 a multiple of 974?
True
Is 13 a factor of 1915862?
True
Is 759488 a multiple of 158?
False
Does 199 divide 401184?
True
Is 1473506 a multiple of 53?
True
Is 358971 a multiple of 36?
False
Does 93 divide 11604158?
False
Does 55 divide 17196410?
True
Does 11 divide 432695?
False
Is 388 a factor of 2167772?
False
Is 446284 a multiple of 17?
True
Is 8193 a multiple of 43?
False
Is 159 a factor of 7322134?
False
Is 1953158 a multiple of 82?
True
Does 9 divide 20926562?
False
Does 904 divide 1571152?
True
Is 24 a factor of 279888?
True
Is 6070805 a multiple of 13?
True
Does 1119 divide 2663537?
False
Is 2700324 a multiple of 767?
False
Is 108155 a multiple of 223?
True
Is 184688 a multiple of 14?
True
Does 2399 divide 18107652?
True
Is 3500054 a multiple of 11?
False
Does 26 divide 2794573?
False
Is 991914 a multiple of 791?
True
Is 361812 a multiple of 11?
True
Is 12 a factor of 708696?
True
Is 27 a factor of 503361?
True
Is 513016 a multiple of 92?
False
Does 240 divide 4573200?
True
Does 12 divide 1543806?
False
Is 1602198 a multiple of 369?
True
Does 18 divide 438357?
False
Is 30 a factor of 3283820?
False
Is 521020 even?
True
Is 5 a fac